{"id":2791,"date":"2022-05-05T08:50:07","date_gmt":"2022-05-05T06:50:07","guid":{"rendered":"https:\/\/vinustrale.com\/?page_id=2791"},"modified":"2022-05-05T09:29:42","modified_gmt":"2022-05-05T07:29:42","slug":"arena","status":"publish","type":"page","link":"https:\/\/vinustrale.com\/index.php\/arena\/","title":{"rendered":"Arena"},"content":{"rendered":"\t\t<div data-elementor-type=\"wp-page\" data-elementor-id=\"2791\" class=\"elementor elementor-2791\">\n\t\t\t\t\t\t<section class=\"elementor-section elementor-top-section elementor-element elementor-element-d0b9c10 elementor-section-boxed elementor-section-height-default elementor-section-height-default\" data-id=\"d0b9c10\" data-element_type=\"section\" data-settings=\"{&quot;background_background&quot;:&quot;classic&quot;}\">\n\t\t\t\t\t\t\t<div class=\"elementor-background-overlay\"><\/div>\n\t\t\t\t\t\t\t<div class=\"elementor-container elementor-column-gap-default\">\n\t\t\t\t\t<div class=\"elementor-column elementor-col-100 elementor-top-column elementor-element elementor-element-968c4dd\" data-id=\"968c4dd\" data-element_type=\"column\">\n\t\t\t<div class=\"elementor-widget-wrap elementor-element-populated\">\n\t\t\t\t\t\t<div class=\"elementor-element elementor-element-419cb33 elementor-widget elementor-widget-heading\" data-id=\"419cb33\" data-element_type=\"widget\" data-widget_type=\"heading.default\">\n\t\t\t\t<div class=\"elementor-widget-container\">\n\t\t\t\t\t<h1 class=\"elementor-heading-title elementor-size-default\">FAMILLE ARENA<\/h1>\t\t\t\t<\/div>\n\t\t\t\t<\/div>\n\t\t\t\t<div class=\"elementor-element elementor-element-93b8848 elementor-widget elementor-widget-heading\" data-id=\"93b8848\" data-element_type=\"widget\" data-widget_type=\"heading.default\">\n\t\t\t\t<div class=\"elementor-widget-container\">\n\t\t\t\t\t<h2 class=\"elementor-heading-title elementor-size-default\">PATRIMONIO<\/h2>\t\t\t\t<\/div>\n\t\t\t\t<\/div>\n\t\t\t\t\t<\/div>\n\t\t<\/div>\n\t\t\t\t\t<\/div>\n\t\t<\/section>\n\t\t\t\t<section class=\"elementor-section elementor-top-section elementor-element elementor-element-cd8986e elementor-section-boxed elementor-section-height-default elementor-section-height-default\" data-id=\"cd8986e\" data-element_type=\"section\" data-settings=\"{&quot;background_background&quot;:&quot;classic&quot;}\">\n\t\t\t\t\t\t<div class=\"elementor-container elementor-column-gap-default\">\n\t\t\t\t\t<div class=\"elementor-column elementor-col-50 elementor-top-column elementor-element elementor-element-abf1821\" data-id=\"abf1821\" data-element_type=\"column\">\n\t\t\t<div class=\"elementor-widget-wrap elementor-element-populated\">\n\t\t\t\t\t\t<div class=\"elementor-element elementor-element-616b7e0 elementor-widget elementor-widget-image\" data-id=\"616b7e0\" data-element_type=\"widget\" data-widget_type=\"image.default\">\n\t\t\t\t<div class=\"elementor-widget-container\">\n\t\t\t\t\t\t\t\t\t\t\t\t\t\t\t<img fetchpriority=\"high\" decoding=\"async\" width=\"1125\" height=\"1380\" src=\"https:\/\/vinustrale.com\/wp-content\/uploads\/2022\/04\/1-1.jpg\" class=\"attachment-full size-full wp-image-2339\" alt=\"\" srcset=\"https:\/\/vinustrale.com\/wp-content\/uploads\/2022\/04\/1-1.jpg 1125w, https:\/\/vinustrale.com\/wp-content\/uploads\/2022\/04\/1-1-245x300.jpg 245w, https:\/\/vinustrale.com\/wp-content\/uploads\/2022\/04\/1-1-835x1024.jpg 835w, https:\/\/vinustrale.com\/wp-content\/uploads\/2022\/04\/1-1-768x942.jpg 768w\" sizes=\"(max-width: 1125px) 100vw, 1125px\" \/>\t\t\t\t\t\t\t\t\t\t\t\t\t\t\t<\/div>\n\t\t\t\t<\/div>\n\t\t\t\t\t<\/div>\n\t\t<\/div>\n\t\t\t\t<div class=\"elementor-column elementor-col-50 elementor-top-column elementor-element elementor-element-50fe053\" data-id=\"50fe053\" data-element_type=\"column\">\n\t\t\t<div class=\"elementor-widget-wrap elementor-element-populated\">\n\t\t\t\t\t\t<div class=\"elementor-element elementor-element-d45ccfc elementor-widget elementor-widget-heading\" data-id=\"d45ccfc\" data-element_type=\"widget\" data-widget_type=\"heading.default\">\n\t\t\t\t<div class=\"elementor-widget-container\">\n\t\t\t\t\t<h2 class=\"elementor-heading-title elementor-size-default\">A PROPOS<\/h2>\t\t\t\t<\/div>\n\t\t\t\t<\/div>\n\t\t\t\t<div class=\"elementor-element elementor-element-796987f elementor-widget elementor-widget-text-editor\" data-id=\"796987f\" data-element_type=\"widget\" data-widget_type=\"text-editor.default\">\n\t\t\t\t<div class=\"elementor-widget-container\">\n\t\t\t\t\t\t\t\t\t<p>Les Arena, une histoire de famille !<\/p><p>L\u2019embl\u00e9matique vigneron, Antoine Arena, qui a r\u00e9cemment s\u00e9par\u00e9 son domaine de Patrimonio en trois. Chacun de ses deux fils en reprend une partie. Jean-Baptiste et Antoine-Marie travaillaient d\u00e9j\u00e0 avec leur p\u00e8re depuis de nombreuses ann\u00e9es.<\/p>\t\t\t\t\t\t\t\t<\/div>\n\t\t\t\t<\/div>\n\t\t\t\t<section class=\"elementor-section elementor-inner-section elementor-element elementor-element-b55d203 elementor-section-boxed elementor-section-height-default elementor-section-height-default\" data-id=\"b55d203\" data-element_type=\"section\">\n\t\t\t\t\t\t<div class=\"elementor-container elementor-column-gap-default\">\n\t\t\t\t\t<div class=\"elementor-column elementor-col-100 elementor-inner-column elementor-element elementor-element-4d742b0\" data-id=\"4d742b0\" data-element_type=\"column\">\n\t\t\t<div class=\"elementor-widget-wrap elementor-element-populated\">\n\t\t\t\t\t\t<div class=\"elementor-element elementor-element-5945eb4 elementor-icon-list--layout-traditional elementor-list-item-link-full_width elementor-widget elementor-widget-icon-list\" data-id=\"5945eb4\" data-element_type=\"widget\" data-widget_type=\"icon-list.default\">\n\t\t\t\t<div class=\"elementor-widget-container\">\n\t\t\t\t\t\t\t<ul class=\"elementor-icon-list-items\">\n\t\t\t\t\t\t\t<li class=\"elementor-icon-list-item\">\n\t\t\t\t\t\t\t\t\t\t\t<span class=\"elementor-icon-list-icon\">\n\t\t\t\t\t\t\t<i aria-hidden=\"true\" class=\"fas fa-users\"><\/i>\t\t\t\t\t\t<\/span>\n\t\t\t\t\t\t\t\t\t\t<span class=\"elementor-icon-list-text\">Antoine, Jean-Baptiste et Antoine Marie ARENA<\/span>\n\t\t\t\t\t\t\t\t\t<\/li>\n\t\t\t\t\t\t\t\t<li class=\"elementor-icon-list-item\">\n\t\t\t\t\t\t\t\t\t\t\t<span class=\"elementor-icon-list-icon\">\n\t\t\t\t\t\t\t<i aria-hidden=\"true\" class=\"fas fa-location-arrow\"><\/i>\t\t\t\t\t\t<\/span>\n\t\t\t\t\t\t\t\t\t\t<span class=\"elementor-icon-list-text\">PATRIMONIO<\/span>\n\t\t\t\t\t\t\t\t\t<\/li>\n\t\t\t\t\t\t<\/ul>\n\t\t\t\t\t\t<\/div>\n\t\t\t\t<\/div>\n\t\t\t\t\t<\/div>\n\t\t<\/div>\n\t\t\t\t\t<\/div>\n\t\t<\/section>\n\t\t\t\t\t<\/div>\n\t\t<\/div>\n\t\t\t\t\t<\/div>\n\t\t<\/section>\n\t\t\t\t<section class=\"elementor-section elementor-top-section elementor-element elementor-element-b5c59b5 elementor-section-boxed elementor-section-height-default elementor-section-height-default\" data-id=\"b5c59b5\" data-element_type=\"section\" data-settings=\"{&quot;background_background&quot;:&quot;classic&quot;}\">\n\t\t\t\t\t\t<div class=\"elementor-container elementor-column-gap-default\">\n\t\t\t\t\t<div class=\"elementor-column elementor-col-100 elementor-top-column elementor-element elementor-element-a1472e9\" data-id=\"a1472e9\" data-element_type=\"column\">\n\t\t\t<div class=\"elementor-widget-wrap elementor-element-populated\">\n\t\t\t\t\t\t<div class=\"elementor-element elementor-element-7901e2d elementor-widget elementor-widget-heading\" data-id=\"7901e2d\" data-element_type=\"widget\" data-widget_type=\"heading.default\">\n\t\t\t\t<div class=\"elementor-widget-container\">\n\t\t\t\t\t<h2 class=\"elementor-heading-title elementor-size-default\">LES VINS<\/h2>\t\t\t\t<\/div>\n\t\t\t\t<\/div>\n\t\t\t\t\t<\/div>\n\t\t<\/div>\n\t\t\t\t\t<\/div>\n\t\t<\/section>\n\t\t\t\t<section class=\"elementor-section elementor-top-section elementor-element elementor-element-4891124 elementor-section-boxed elementor-section-height-default elementor-section-height-default\" data-id=\"4891124\" data-element_type=\"section\" data-settings=\"{&quot;background_background&quot;:&quot;classic&quot;}\">\n\t\t\t\t\t\t<div class=\"elementor-container elementor-column-gap-default\">\n\t\t\t\t\t<div class=\"elementor-column elementor-col-50 elementor-top-column elementor-element elementor-element-222a70f\" data-id=\"222a70f\" data-element_type=\"column\">\n\t\t\t<div class=\"elementor-widget-wrap elementor-element-populated\">\n\t\t\t\t\t\t<div class=\"elementor-element elementor-element-8020ebd elementor-widget elementor-widget-text-editor\" data-id=\"8020ebd\" data-element_type=\"widget\" data-widget_type=\"text-editor.default\">\n\t\t\t\t<div class=\"elementor-widget-container\">\n\t\t\t\t\t\t\t\t\t<p style=\"text-align: center;\"><b>ANTOINE MARIE ARENA<\/b><\/p>\n<p style=\"text-align: center;\">Revenu au domaine en 2004, \u00a0Antoine-Marie s\u2019occupe des travaux du chai : cave et vinification.<\/p>\n<p style=\"text-align: center;\">En 2014, \u00a0seul ma\u00eetre \u00e0 bord de son nouveau domaine, Antoine-Marie signe sous son propre nom ces cuv\u00e9es.<\/p>\n<p style=\"text-align: center;\">Son domaine, de 5 hectares, est constitu\u00e9 de vignes situ\u00e9es sur le terroir de Carco, compos\u00e9 de nielluccio pour les rouges et de bianco gentile, vermentinu et muscat pour les blancs. Ses vignes sont travaill\u00e9es dans la pure tradition familiale \u00e0 savoir de fa\u00e7on manuelle, sans traitements chimiques , utilisant des apports naturels de fumiers.<\/p>\n<p style=\"text-align: center;\">\t\t\t\t\t\t\t\t<\/div>\n\t\t\t\t<\/div>\n\t\t\t\t\t<\/div>\n\t\t<\/div>\n\t\t\t\t<div class=\"elementor-column elementor-col-50 elementor-top-column elementor-element elementor-element-1d441b7\" data-id=\"1d441b7\" data-element_type=\"column\">\n\t\t\t<div class=\"elementor-widget-wrap elementor-element-populated\">\n\t\t\t\t\t\t<div class=\"elementor-element elementor-element-5515979 elementor-widget elementor-widget-image\" data-id=\"5515979\" data-element_type=\"widget\" data-widget_type=\"image.default\">\n\t\t\t\t<div class=\"elementor-widget-container\">\n\t\t\t\t\t\t\t\t\t\t\t\t\t\t\t<img decoding=\"async\" width=\"1024\" height=\"757\" src=\"https:\/\/vinustrale.com\/wp-content\/uploads\/2022\/04\/6.LOGO-ANTOINE-MARIE-ARENA-1024x757.jpg\" class=\"attachment-large size-large wp-image-2344\" alt=\"\" srcset=\"https:\/\/vinustrale.com\/wp-content\/uploads\/2022\/04\/6.LOGO-ANTOINE-MARIE-ARENA-1024x757.jpg 1024w, https:\/\/vinustrale.com\/wp-content\/uploads\/2022\/04\/6.LOGO-ANTOINE-MARIE-ARENA-300x222.jpg 300w, https:\/\/vinustrale.com\/wp-content\/uploads\/2022\/04\/6.LOGO-ANTOINE-MARIE-ARENA-768x568.jpg 768w, https:\/\/vinustrale.com\/wp-content\/uploads\/2022\/04\/6.LOGO-ANTOINE-MARIE-ARENA.jpg 1356w\" sizes=\"(max-width: 1024px) 100vw, 1024px\" \/>\t\t\t\t\t\t\t\t\t\t\t\t\t\t\t<\/div>\n\t\t\t\t<\/div>\n\t\t\t\t\t<\/div>\n\t\t<\/div>\n\t\t\t\t\t<\/div>\n\t\t<\/section>\n\t\t\t\t<section class=\"elementor-section elementor-top-section elementor-element elementor-element-a6e3688 elementor-section-boxed elementor-section-height-default elementor-section-height-default\" data-id=\"a6e3688\" data-element_type=\"section\" data-settings=\"{&quot;background_background&quot;:&quot;classic&quot;}\">\n\t\t\t\t\t\t\t<div class=\"elementor-background-overlay\"><\/div>\n\t\t\t\t\t\t\t<div class=\"elementor-container elementor-column-gap-default\">\n\t\t\t\t\t<div class=\"elementor-column elementor-col-50 elementor-top-column elementor-element elementor-element-dc2048e\" data-id=\"dc2048e\" data-element_type=\"column\">\n\t\t\t<div class=\"elementor-widget-wrap elementor-element-populated\">\n\t\t\t\t\t\t<div class=\"elementor-element elementor-element-645d103 elementor-widget elementor-widget-image\" data-id=\"645d103\" data-element_type=\"widget\" data-widget_type=\"image.default\">\n\t\t\t\t<div class=\"elementor-widget-container\">\n\t\t\t\t\t\t\t\t\t\t\t\t\t\t\t<img decoding=\"async\" width=\"900\" height=\"1000\" src=\"https:\/\/vinustrale.com\/wp-content\/uploads\/2022\/04\/5.LOGO-JBA.jpg\" class=\"attachment-full size-full wp-image-2343\" alt=\"\" srcset=\"https:\/\/vinustrale.com\/wp-content\/uploads\/2022\/04\/5.LOGO-JBA.jpg 900w, https:\/\/vinustrale.com\/wp-content\/uploads\/2022\/04\/5.LOGO-JBA-270x300.jpg 270w, https:\/\/vinustrale.com\/wp-content\/uploads\/2022\/04\/5.LOGO-JBA-768x853.jpg 768w\" sizes=\"(max-width: 900px) 100vw, 900px\" \/>\t\t\t\t\t\t\t\t\t\t\t\t\t\t\t<\/div>\n\t\t\t\t<\/div>\n\t\t\t\t\t<\/div>\n\t\t<\/div>\n\t\t\t\t<div class=\"elementor-column elementor-col-50 elementor-top-column elementor-element elementor-element-5f89fdc\" data-id=\"5f89fdc\" data-element_type=\"column\">\n\t\t\t<div class=\"elementor-widget-wrap elementor-element-populated\">\n\t\t\t\t\t\t<div class=\"elementor-element elementor-element-1673385 elementor-widget elementor-widget-text-editor\" data-id=\"1673385\" data-element_type=\"widget\" data-widget_type=\"text-editor.default\">\n\t\t\t\t<div class=\"elementor-widget-container\">\n\t\t\t\t\t\t\t\t\t<p style=\"text-align: center;\"><b>JEAN BAPTISTE ARENA<\/b><\/p><p style=\"text-align: center;\">Jean \u2013Baptiste, fils ain\u00e9, a repris une partie du vignoble, apr\u00e8s avoir travaill\u00e9 aupr\u00e8s de son p\u00e8re, il exploite le terroir de Grotte di Sole, en rouge, blanc et Muscat.<br \/><br \/>Tous les vins sont encore vinifi\u00e9s au domaine familial situ\u00e9 dans le village de Patrimonio. Marchant sur les traces de son p\u00e8re, il travaille ses vignes en Biodynamie c&rsquo;est-\u00e0-dire en labourant les sols, aucuns traitements chimiques mais utilise des apports naturels de fumiers.<\/p>\t\t\t\t\t\t\t\t<\/div>\n\t\t\t\t<\/div>\n\t\t\t\t\t<\/div>\n\t\t<\/div>\n\t\t\t\t\t<\/div>\n\t\t<\/section>\n\t\t\t\t<section class=\"elementor-section elementor-top-section elementor-element elementor-element-b015e3c elementor-section-boxed elementor-section-height-default elementor-section-height-default\" data-id=\"b015e3c\" data-element_type=\"section\" data-settings=\"{&quot;background_background&quot;:&quot;classic&quot;}\">\n\t\t\t\t\t\t<div class=\"elementor-container elementor-column-gap-default\">\n\t\t\t\t\t<div class=\"elementor-column elementor-col-50 elementor-top-column elementor-element elementor-element-ddc8505\" data-id=\"ddc8505\" data-element_type=\"column\">\n\t\t\t<div class=\"elementor-widget-wrap elementor-element-populated\">\n\t\t\t\t\t\t<div class=\"elementor-element elementor-element-93a4e7f elementor-widget elementor-widget-text-editor\" data-id=\"93a4e7f\" data-element_type=\"widget\" data-widget_type=\"text-editor.default\">\n\t\t\t\t<div class=\"elementor-widget-container\">\n\t\t\t\t\t\t\t\t\t<p style=\"text-align: center;\"><b>ANTOINE ARENA<\/b><\/p><p style=\"text-align: center;\">Le terroir du domaine Antoine Arena appartient \u00e0 la famille Arena depuis le XVIII\u00e8me si\u00e8cle, p\u00e9riode de domination g\u00e9noise de la Corse. La propri\u00e9t\u00e9 fabrique alors un vin destin\u00e9 \u00e0 une client\u00e8le de Pise et de Florence, que l\u2019on transporte en barriques. La tradition du domaine est li\u00e9e \u00e0 la polyculture, car les diff\u00e9rentes g\u00e9n\u00e9rations s\u2019occupaient \u00e9galement de b\u00e9tail, cultivaient le bl\u00e9 et entretenaient les arbres fruitiers. Ce n\u2019est qu\u2019en 1977 que la famille d\u00e9cide de planter des vignes sur l\u2019ensemble de la propri\u00e9t\u00e9.<\/p><p style=\"text-align: center;\">Petit fils et fils de vigneron sur le terroir de Patrimonio, Antoine Arena \u00e9tudie d\u2019abord le droit avant de se prendre de passion pour les 3 hectares de vignes du domaine familial qui deviendra rapidement un des domaines phare de l\u2019\u00eele. Depuis 1980, avec l\u2019aide de sa femme Marie et de ses deux fils qui assurent maintenant la rel\u00e8ve, Antoine Arena s\u2019est toujours attach\u00e9 \u00e0 reconqu\u00e9rir les meilleurs terroirs du cru, et a progressivement agrandi le domaine jusqu\u2019\u00e0 une superficie de 8 hectares.<\/p><p style=\"text-align: center;\">En 2005, encore, avec ses fils, ils d\u00e9cident de conqu\u00e9rir les Hauts de Carco, une parcelle magnifique, bien orient\u00e9e mais constell\u00e9e d\u2019\u00e9normes rochers.\u00a0 Cette parcelles est replant\u00e9es<\/p>\t\t\t\t\t\t\t\t<\/div>\n\t\t\t\t<\/div>\n\t\t\t\t\t<\/div>\n\t\t<\/div>\n\t\t\t\t<div class=\"elementor-column elementor-col-50 elementor-top-column elementor-element elementor-element-5e6e642\" data-id=\"5e6e642\" data-element_type=\"column\">\n\t\t\t<div class=\"elementor-widget-wrap elementor-element-populated\">\n\t\t\t\t\t\t<div class=\"elementor-element elementor-element-cb4eb40 elementor-widget elementor-widget-spacer\" data-id=\"cb4eb40\" data-element_type=\"widget\" data-widget_type=\"spacer.default\">\n\t\t\t\t<div class=\"elementor-widget-container\">\n\t\t\t\t\t\t\t<div class=\"elementor-spacer\">\n\t\t\t<div class=\"elementor-spacer-inner\"><\/div>\n\t\t<\/div>\n\t\t\t\t\t\t<\/div>\n\t\t\t\t<\/div>\n\t\t\t\t<div class=\"elementor-element elementor-element-b893ca5 elementor-widget elementor-widget-image\" data-id=\"b893ca5\" data-element_type=\"widget\" data-widget_type=\"image.default\">\n\t\t\t\t<div class=\"elementor-widget-container\">\n\t\t\t\t\t\t\t\t\t\t\t\t\t\t\t<img loading=\"lazy\" decoding=\"async\" width=\"474\" height=\"474\" src=\"https:\/\/vinustrale.com\/wp-content\/uploads\/2022\/04\/7.-ANTOINE-ARENA.jpg\" class=\"attachment-large size-large wp-image-2342\" alt=\"\" srcset=\"https:\/\/vinustrale.com\/wp-content\/uploads\/2022\/04\/7.-ANTOINE-ARENA.jpg 474w, https:\/\/vinustrale.com\/wp-content\/uploads\/2022\/04\/7.-ANTOINE-ARENA-300x300.jpg 300w, https:\/\/vinustrale.com\/wp-content\/uploads\/2022\/04\/7.-ANTOINE-ARENA-150x150.jpg 150w\" sizes=\"(max-width: 474px) 100vw, 474px\" \/>\t\t\t\t\t\t\t\t\t\t\t\t\t\t\t<\/div>\n\t\t\t\t<\/div>\n\t\t\t\t\t<\/div>\n\t\t<\/div>\n\t\t\t\t\t<\/div>\n\t\t<\/section>\n\t\t\t\t<\/div>\n\t\t","protected":false},"excerpt":{"rendered":"<p>FAMILLE ARENA PATRIMONIO A PROPOS Les Arena, une histoire de famille ! L\u2019embl\u00e9matique vigneron, Antoine Arena, qui a r\u00e9cemment s\u00e9par\u00e9 son domaine de Patrimonio en trois. Chacun de ses deux fils en reprend une partie. Jean-Baptiste et Antoine-Marie travaillaient d\u00e9j\u00e0 avec leur p\u00e8re depuis de nombreuses ann\u00e9es. Antoine, Jean-Baptiste et Antoine Marie ARENA PATRIMONIO LES [&hellip;]<\/p>\n","protected":false},"author":1,"featured_media":0,"parent":0,"menu_order":0,"comment_status":"closed","ping_status":"closed","template":"","meta":{"site-sidebar-layout":"no-sidebar","site-content-layout":"page-builder","ast-site-content-layout":"default","site-content-style":"default","site-sidebar-style":"default","ast-global-header-display":"","ast-banner-title-visibility":"","ast-main-header-display":"","ast-hfb-above-header-display":"","ast-hfb-below-header-display":"","ast-hfb-mobile-header-display":"","site-post-title":"disabled","ast-breadcrumbs-content":"","ast-featured-img":"disabled","footer-sml-layout":"","theme-transparent-header-meta":"","adv-header-id-meta":"","stick-header-meta":"","header-above-stick-meta":"","header-main-stick-meta":"","header-below-stick-meta":"","astra-migrate-meta-layouts":"default","ast-page-background-enabled":"default","ast-page-background-meta":{"desktop":{"background-color":"","background-image":"","background-repeat":"repeat","background-position":"center center","background-size":"auto","background-attachment":"scroll","background-type":"","background-media":"","overlay-type":"","overlay-color":"","overlay-opacity":"","overlay-gradient":""},"tablet":{"background-color":"","background-image":"","background-repeat":"repeat","background-position":"center center","background-size":"auto","background-attachment":"scroll","background-type":"","background-media":"","overlay-type":"","overlay-color":"","overlay-opacity":"","overlay-gradient":""},"mobile":{"background-color":"","background-image":"","background-repeat":"repeat","background-position":"center center","background-size":"auto","background-attachment":"scroll","background-type":"","background-media":"","overlay-type":"","overlay-color":"","overlay-opacity":"","overlay-gradient":""}},"ast-content-background-meta":{"desktop":{"background-color":"var(--ast-global-color-5)","background-image":"","background-repeat":"repeat","background-position":"center center","background-size":"auto","background-attachment":"scroll","background-type":"","background-media":"","overlay-type":"","overlay-color":"","overlay-opacity":"","overlay-gradient":""},"tablet":{"background-color":"var(--ast-global-color-5)","background-image":"","background-repeat":"repeat","background-position":"center center","background-size":"auto","background-attachment":"scroll","background-type":"","background-media":"","overlay-type":"","overlay-color":"","overlay-opacity":"","overlay-gradient":""},"mobile":{"background-color":"var(--ast-global-color-5)","background-image":"","background-repeat":"repeat","background-position":"center center","background-size":"auto","background-attachment":"scroll","background-type":"","background-media":"","overlay-type":"","overlay-color":"","overlay-opacity":"","overlay-gradient":""}},"footnotes":""},"class_list":["post-2791","page","type-page","status-publish","hentry"],"_links":{"self":[{"href":"https:\/\/vinustrale.com\/index.php\/wp-json\/wp\/v2\/pages\/2791","targetHints":{"allow":["GET"]}}],"collection":[{"href":"https:\/\/vinustrale.com\/index.php\/wp-json\/wp\/v2\/pages"}],"about":[{"href":"https:\/\/vinustrale.com\/index.php\/wp-json\/wp\/v2\/types\/page"}],"author":[{"embeddable":true,"href":"https:\/\/vinustrale.com\/index.php\/wp-json\/wp\/v2\/users\/1"}],"replies":[{"embeddable":true,"href":"https:\/\/vinustrale.com\/index.php\/wp-json\/wp\/v2\/comments?post=2791"}],"version-history":[{"count":7,"href":"https:\/\/vinustrale.com\/index.php\/wp-json\/wp\/v2\/pages\/2791\/revisions"}],"predecessor-version":[{"id":2800,"href":"https:\/\/vinustrale.com\/index.php\/wp-json\/wp\/v2\/pages\/2791\/revisions\/2800"}],"wp:attachment":[{"href":"https:\/\/vinustrale.com\/index.php\/wp-json\/wp\/v2\/media?parent=2791"}],"curies":[{"name":"wp","href":"https:\/\/api.w.org\/{rel}","templated":true}]}}